at is 7 + d32?
d39
In base 15, what is 59 - -a?
64
In base 4, what is -1 + 3120?
3113
In base 8, what is 176 - -75?
273
In base 3, what is 121 + -11?
110
In base 4, what is 20 + -1?
13
In base 12, what is -5 + 77b?
776
In base 11, what is -1666 - 2?
-1668
In base 3, what is 12 + 1221201?
1221220
In base 5, what is 1431 - 211?
1220
In base 14, what is -1 - -1128?
1127
In base 10, what is 2 + 166?
168
In base 5, what is -4 + -4041?
-4100
In base 13, what is 117b + -2?
1179
In base 5, what is -3 + 300?
242
In base 11, what is 1 + 20a?
210
In base 14, what is -21 - 1d2?
-213
In base 16, what is 0 - 72?
-72
In base 9, what is 1 + -75?
-74
In base 11, what is 4 - 221?
-218
In base 2, what is -1000101110 + 11110?
-1000010000
In base 8, what is 5722 - -1?
5723
In base 6, what is 4 + 200?
204
In base 10, what is -43 + 9?
-34
In base 7, what is -5 - 56?
-64
In base 6, what is -41425 - -5?
-41420
In base 5, what is -233 - -432?
144
In base 9, what is -3 + -4?
-7
In base 7, what is -4 + 2055?
2051
In base 4, what is -2 + 22103?
22101
In base 12, what is -106 - -8?
-ba
In base 11, what is -4 - 509?
-512
In base 4, what is 10 - -23130?
23200
In base 15, what is -21 + -5?
-26
In base 11, what is -a - -656?
647
In base 11, what is -64 - -2?
-62
In base 7, what is 44 - -425?
502
In base 4, what is 12322 + 1?
12323
In base 9, what is 4470 - 3?
4466
In base 9, what is -6 - -13?
6
In base 14, what is 0 - a?
-a
In base 13, what is -88 + 3?
-85
In base 13, what is -1 + -108?
-109
In base 13, what is 5 - -92?
97
In base 6, what is 22 + 14?
40
In base 8, what is 26 - 1440?
-1412
In base 6, what is -24 - 45?
-113
In base 15, what is -20 + -40?
-60
In base 9, what is 136 - -67?
214
In base 4, what is -1201 - -20?
-1121
In base 9, what is 10487 - -1?
10488
In base 10, what is -14 - -74?
60
In base 9, what is 362 + 3?
365
In base 11, what is -2a4 - -2?
-2a2
In base 3, what is -102 + 2002211?
2002102
In base 8, what is -3 - 10722?
-10725
In base 3, what is 20 + 12111?
12201
In base 9, what is 22 - -1?
23
In base 12, what is -2 + 2b?
29
In base 12, what is 20 + 47?
67
In base 6, what is -4110 - -2?
-4104
In base 5, what is -33 + -10?
-43
In base 16, what is -5af - 7?
-5b6
In base 4, what is 10023323 - 11?
10023312
In base 6, what is -1 - -1224?
1223
In base 8, what is -5 - 3?
-10
In base 2, what is 1011101011010 + 101?
1011101011111
In base 15, what is 3 + -23ad?
-23aa
In base 2, what is 1 + -1000100?
-1000011
In base 9, what is -3 - -607?
604
In base 8, what is -1472 - -1?
-1471
In base 3, what is -2002 + 111?
-1121
In base 11, what is -5 - 2058?
-2062
In base 14, what is -1 - 7a9?
-7aa
In base 12, what is 5 + -17a?
-175
In base 10, what is 4 - 23?
-19
In base 8, what is 2 + 4232?
4234
In base 3, what is 0 - 210121?
-210121
In base 5, what is 423330 - 10?
423320
In base 13, what is -83 + 5?
-7b
In base 6, what is 13545 - -4?
13553
In base 11, what is -2113 - 10?
-2123
In base 10, what is 316 + -4?
312
In base 4, what is -121 + -121332?
-122113
In base 7, what is 115 + -10?
105
In base 16, what is -5ca + 0?
-5ca
In base 2, what is 1111010110 - 110?
1111010000
In base 15, what is 48 + -2?
46
In base 5, what is 3 + 2040?
2043
In base 8, what is 3 + 22?
25
In base 16, what is -ba + 9?
-b1
In base 13, what is 7073 + 1?
7074
In base 10, what is -344 - -1?
-343
In base 11, what is -10 + -231?
-241
In base 7, what is 23 - 16?
4
In base 10, what is -674 - 4?
-678
In base 7, what is -1640 + -3?
-1643
In base 15, what is -5 + 21b?
216
In base 12, what is -15 - -4?
-11
In base 2, what is -110 - -111?
1
In base 8, what is -53 + 140?
65
In base 8, what is 332 - -5?
337
In base 4, what is 2 + -221?
-213
In base 10, what is -130 + -2?
-132
In base 11, what is 1 + -2107?
-2106
In base 9, what is 32732 + -1?
32731
In base 6, what is -3 + -305?
-312
In base 10, what is 4 + 727?
731
In base 2, what is 1 - -10101?
10110
In base 11, what is -22340 + 4?
-22337
In base 16, what is -3 - 10?
-13
In base 8, what is -3 - 160?
-163
In base 6, what is 325 - -4?
333
In base 3, what is 121100202 - 10?
121100122
In base 5, what is 11 + -404?
-343
In base 8, what is 1 - -102?
103
In base 11, what is -108 + -30?
-138
In base 2, what is 1 + 1000001?
1000010
In base 3, what is -121 - -1002?
111
In base 16, what is -2 - -1e?
1c
In base 5, what is -311 - -1?
-310
In base 3, what is 12222 + -12?
12210
In base 7, what is -10 + 20?
10
In base 5, what is -42 - 41?
-133
In base 8, what is -1 + -3042?
-3043
In base 5, what is 1 + -21?
-20
In base 7, what is 450 + 20?
500
In base 4, what is -11 + -233?
-310
In base 14, what is -3 + -1c0?
-1c3
In base 14, what is -7 + -193?
-19a
In base 15, what is -1c1 - -7?
-1b9
In base 7, what is -35 + 21?
-14
In base 16, what is -238 - -5?
-233
In base 14, what is 0 + -130?
-130
In base 4, what is -1100 - 2031?
-3131
In base 12, what is 3 + -181?
-17a
In base 6, what is -3124 + -3?
-3131
In base 6, what is 221 - 3?
214
In base 8, what is 1 + 73?
74
In base 11, what is -49 + 28?
-21
In base 9, what is 67 - 0?
67
In base 13, what is -4 + -2a5?
-2a9
In base 16, what is 7 - -3ce?
3d5
In base 12, what is -5 + -265?
-26a
In base 13, what is 2a + -2b1?
-284
In base 16, what is 1 + -78?
-77
In base 8, what is 7574 + -1?
7573
In base 7, what is 5 + -2202?
-2164
In base 15, what is 1 + -371?
-370
In base 6, what is 2 + 43521?
43523
In base 6, what is -401 + 3?
-354
In base 6, what is -23 + 42?
15
In base 13, what is 3 + 4a2?
4a5
In base 16, what is 2 + -68?
-66
In base 9, what is -1044 - -4?
-1040
In base 11, what is 23 + -472?
-44a
In base 2, what is -10 - -10100111001?
10100110111
In base 16, what is 9 - 45a?
-451
In base 2, what is -100101010 + -11?
-100101101
In base 5, what is 202 + 2?
204
In base 7, what is 163 + 4?
200
In base 6, what is -125 + -51?
-220
In base 7, what is -10 - 4014?
-4024
In base 7, what is -4 + 136?
132
In base 14, what is -2 + -128?
-12a
In base 15, what is -96e - -1?
-96d
In base 3, what is 10 + 11221?
12001
In base 5, what is -310 - 113?
-423
In base 15, what is bb + 5?
c1
In base 11, what is 8 + -a?
-2
In base 14, what is -1 - -2c8?
2c7
In base 16, what is -1 + -1ef?
-1f0
In base 5, what is -1 - -112?
111
In base 4, what is 11 - 213?
-202
In base 15, what is 22 - 67?
-45
In base 11, what is -4 + -3?
-7
In base 11, what is 5 - -52a?
534
In base 14, what is -9c9 + -5?
-9d0
In base 16, what is 3651 + 1?
3652
In base 4, what is -1 - 322?
-323
In base 6, what is 3 - -2444?
2451
In base 2, what is 1011001011 - -1?
1011001100
In base 5, what is 4 + -12403?
-12344
In base 3, what is -120102 - 101?
-120210
In base 5, what is 1124 + -13?
1111
In base 16, what is 0 + -241?
-241
In base 9, what is 7 - 24?
-16
In base 6, what is 0 - 5311?
-5311
In base 8, what is -2 - 1000?
-1002
In base 8, what is -315 + -1?
-316
In base 6, what is 5 - -13?
22
In base 5, what is 23 + 4111?
4134
In base 8, what is -5112 - 11?
-5123
In base 9, what is 326 + -4?
322
In base 10, what is 392 + -4?
388
In base 7, what is -20624 - -4?
-20620
In base 10, what is 1430 + -3?
1427
In base 15, what is 224 + 4?
228
In base 13, what is -86c + -3?
-872
In base 12, what is -3 + 44?
41
In base 3, what is 21122 + -21?
21101
In base 14, what is 2d + -1?
2c
In base 3, what is -2011200 - -1?
-2011122
In base 11, what is 88 - -8?
95
In base 8, what is 5 - -340?
345
In base 4, what is -1 - -2102?
2101
In base 5, what is 1410 - 4?
1401
In base 5, what is -211312 + 4?
-211303
In base 10, what is -1 - -918?
917
In base 11, what is -8 - -62?
55
In base 14, what is -1691 + -3?
-1694
In base 16, what is 57 - -53?
aa
In base 13, what is 20cb - -2?
2100
In base 13, what is 15a - -a?
167
In base 6, what is -4 - 203?
-211
In base 12, what is 1a - 44?
-26
In base 14, what is -2 + 36?
34
In base 7, what is -2 + 1263?
1261
In base 9, what is 142 + -5?
136
In base 13, what is -7 - 63?
-6a
In base 9, what is -7 + -410?
-417
In base 3, what is -112020 + 10?
-112010
In base 4, what is 11 + 313?
330
In base 9, what is -53 - 0?
-53
In base 2, what is 101011 - 10110?
10101
In base 11, what is 206 + 1?
207
In base 6, what is -10 + -442?
-452
In base 3, what is -1 - -200120?
200112
In base 9, what is -143 - 4?
-147
In base 10, what is 339 + 2?
341
In base 13, what is -4 - -15?
11
In base 4, what is -112312 + 2?
-112310
In base 